 + 4*t - 14, -2*d = -2*t + 12. Suppose -5*v = -131 - 94. Let j be v/(-75) + (-46)/d. Give r(j).
-9
Let a(b) = 32*b - 9. Let u(f) = -6*f - 25*f + 997 - 990. Let t(r) = 3*a(r) + 4*u(r). Determine t(1).
-27
Let p(g) = 15*g - 95. Suppose 1831*b + 1841*b + 140 = 3692*b. What is p(b)?
10
Suppose 8 = 4*m + 16. Let h(s) = -2*s - 5. Let w be h(m). Let t(l) be the third derivative of -l**6/12 - l**5/30 + l**3/6 + 59*l**2 - 1. Determine t(w).
9
Let m(p) = p**2 - 8*p + 5. Let y be m(8). Let q = y - 10. Let d(j) = -223245 + 111618 - 2*j - 6*j**2 - j**3 + 3*j - 5*j + 111621 - 3*j. Determine d(q).
4
Let o = -543 + 586. Suppose -o*c + 114 = -5*c. Let j(w) = 2*w**2 - 2*w - 6. What is j(c)?
6
Let y(q) = -q - 4. Suppose -3*t + 282 = -0*c + 3*c, t - 99 = 4*c. Let n = 99 - t. Suppose -30 = v + n*v. Give y(v).
2
Let i(h) = 2*h + 12. Let t(j) = -8*j - 144. Let o(x) = -2*i(x) + t(x). Determine o(-12).
-24
Let l(i) = 458*i - 8265. Let v be l(18). Let r(o) = -o**3 - 20*o**2 + 19*o - 41. Calculate r(v).
1
Let k = 39 + -25. Suppose 4*i - 46 = k. Let g = 19 - i. Let m(f) = -2*f + 1. Calculate m(g).
-7
Let o(m) = -m**3 + 11*m**2 + 17*m - 30. Suppose -y = 4*g + 15 - 61, -g + y = -14. What is o(g)?
30
Let f(w) = 5 - w**2 + 0*w**2 + w + w. Let l(m) = -3*m**2 + 7*m + 14. Let o(j) = 11*f(j) - 4*l(j). Let s be (14/4)/1 + (-9)/(-6). Calculate o(s).
-6
Let d(z) be the third derivative of -z**7/840 + z**6/40 + z**5/60 - 11*z**4/24 - 19*z**3/6 - 152*z**2. Let b(t) be the first derivative of d(t). Calculate b(9).
7
Suppose 0 = 19*u + 3*u - 44. Suppose 0*d + 66 = 3*d. Suppose -2*f + g - d = -u*g, -4*f - 44 = -g. Let l(y) = y**3 + 11*y**2 - y - 15. Give l(f).
-4
Let t(c) = c**3 - 4*c**2 + 3*c. Let y(j) = j**2 - 7*j - 1. Let a be y(10). Suppose x + 4*o + a = 4*x, 25 = 5*x - 2*o. Suppose 3*n - 6 = x. What is t(n)?
0
Let d(z) = 3*z - 6 - 2*z + 866*z**3 + 11*z**2 + 8*z - 868*z**3. Give d(6).
12
Let l be 33/(-22)*2/(-6)*4. Let z(m) = -15*m + 6. Let a(c) = -5*c + 2. Let o(h) = l*z(h) - 7*a(h). Give o(2).
8
Let i(b) = 14*b**2 + 3*b + 1. Suppose 8*n + 32 = -24*n. Calculate i(n).
12
Let s be (64/160)/((2/(-20))/1). Let g(q) = -2*q + 7. Let v(c) = c - 6. Let j(p) = s*v(p) - 3*g(p). Determine j(-4).
-5
Let j(i) = 10*i**2 + i + 2. Let q(m) = 71*m**2 + 15*m + 18. Let k(x) = 7*j(x) - q(x). Let d(a) = 3 - 2 - a - 4. Let v be d(5). Determine k(v).
-4
Let g(y) = -y**3 - 1038*y**2 + 556*y**2 + 50*y - 7 + 459*y**2. Give g(-25).
-7
Let j(s) be the second derivative of -1/6*s**3 - 17*s + 0 - 3/2*s**2. Let d be (-2)/5 + (-56)/10. Calculate j(d).
3
Let g = -2915 + 2924. Let q(r) = r**3 - 11*r**2 + 21*r - 8. What is q(g)?
19
Let u(w) = -147 + w**3 + 14*w**2 + 14*w + 10*w + 68 + 82. Give u(-12).
3
Let h(y) = 24 - 1274*y + 4 + 5*y**2 + 1192*y. Determine h(16).
-4
Let z(v) be the third derivative of -v**4/8 - 3*v**3 + 4429*v**2. Calculate z(-8).
6
Let s(r) = r + 13. Let a be s(-9). Suppose -3*w + g - 22 = 0, -a*w = -0*w + 3*g + 51. Let h(p) = 3*p + 21. Determine h(w).
-6
Let h(x) = -3*x + 7. Suppose 5*g + 4*f - 36 = 0, -4*g + 8 = -0*g - 2*f. Let b be (g*-1)/((-24)/(-48)). What is h(b)?
31
Let p(n) = 49*n + 38*n - 120*n + 39*n - 105. Determine p(16).
-9
Let u(j) be the first derivative of -j**3/6 + 2*j**2 + 14*j - 3. Let z(h) be the first derivative of u(h). Let w(v) = v - 20. Let r be w(16). What is z(r)?
8
Let w(n) be the second derivative of 3*n**3/2 - 31*n**2 - 548*n. Determine w(6).
-8
Suppose 4023*g + 5*s = 4018*g + 55, 24 = 4*g - s. Let y be 1 - 0 - -2 - -1. Let b(m) = 2 - 3*m + 1 - y*m + m**2. What is b(g)?
3
Let k(i) = -i**2 - 4*i. Suppose 5*l + 9 = -4*d, 0*d - 4*d = -4*l. Let p be (1 - d) + (1 - -1 - 9). What is k(p)?
-5
Let z(f) be the first derivative of 60*f**3 - 12*f**3 - 18*f**3 + 4*f + 2*f**2 - 12*f**3 - 17*f**3 + 64. Calculate z(-3).
19
Let h be 2/((-6)/3)*-3. Let l(r) = -2*r - 2*r**2 - 5*r**2 + h*r. Let m be (-10)/4 + 5124/1464. Calculate l(m).
-6
Let v(j) = 2*j**3 - 66*j**2 + 6. Let b(a) = -2*a**2 - 268*a - 1007. Let o be b(-130). Calculate v(o).
6
Let n(f) = f**2 + 17*f + 43. Let r be n(-14). Suppose -2*v = -2, 2*v + 11 = -4*p + r. Let a(c) = -c + 1. Give a(p).
4
Let v(n) = 120*n - 20. Let o(c) = -103*c + 20. Let a(k) = -7*o(k) - 6*v(k). Determine a(0).
-20
Let z be (-2)/(30 + -46) + (-5)/8*-11. Let q(c) = -c**2 + 5*c + 11. Give q(z).
-3
Let r(z) = -z**3 - z**2 + 2*z - 4. Let p be -74*2*4/(-8). Let j = 74 - p. Let b be (-2)/(0 - (j - -4))*-6. Calculate r(b).
8
Let y(m) be the first derivative of -7*m - 1/2*m**2 - 2. Let i(t) = 3*t**2 + 10*t + 15. Let s be i(-2). What is y(s)?
-14
Let d(i) = -32*i + 37. Let r(h) = 2*h**2 + h + 5. Let u(w) = -d(w) + r(w). Calculate u(-17).
-15
Let w(j) = 2*j**2 + 57*j + 381. Let o be w(-16). Let p(i) = i**2 + 14*i - 93. Calculate p(o).
2
Let j(w) = -58*w - 1. Let c(k) = 19*k - 1. Let v(t) = 3*c(t) + j(t). Give v(-32).
28
Let x(p) = p**3 + 10*p**2 - p - 18. Suppose 18*c = -145 - 35. Give x(c).
-8
Let z(v) = 32*v + 69. Let w(h) = -38*h - 72. Let d(b) = 5*w(b) + 6*z(b). What is d(-29)?
-4
Let j(r) = -97*r**2 + r - 2. Let x = -10847 - -10848. What is j(x)?
-98
Let b(r) = -r**2 + 38*r - 6. Let j(s) = 8*s - 1. Let w(n) = -3*b(n) + 14*j(n). Calculate w(1).
5
Let w(r) = -r**3 + 8*r**2 + 10*r - 11. Let t be (-20)/(-5) + 117 + 1 + -2. Suppose -7*l - 57 = -t. Give w(l).
-2
Let w(l) be the third derivative of l**6/120 - l**5/20 - 7*l**4/24 + 4*l**3 - 1124*l**2. Calculate w(6).
90
Let g(b) = -b**3 + 12*b**2 - 21*b + 14. Let z be ((-1590)/(-1166))/((-6)/(-44)). Give g(z).
4
Let l(g) = 4*g. Let x(b) = -4*b**2 - 14*b - 4. Let j(u) = -l(u) - x(u). Determine j(-3).
10
Let a(t) = -2*t**3 + 10*t**2 + 12*t - 55. Let s(c) = -29*c**3 - 56*c**2 + 8*c + 13. Let u be s(-2). Give a(u).
5
Let f be (-1)/(11/(-2) - -5) + -5. Let c(j) = 6*j**2 - 2*j + 1. Let n(l) = 17*l**2 - 5*l + 2. Let p(v) = f*n(v) + 8*c(v). Give p(2).
-12
Let y(d) = d**2 + d. Suppose q - 125 - 188 = -4*f, 0 = -q + 2*f + 337. Let a = q - 331. Determine y(a).
2
Let x be (70 - (-15450)/(-225))*-3. Let t(l) be the second derivative of 5/6*l**3 + 0*l**2 + 0 + 1/2*l**4 + l + 1/20*l**5. Give t(x).
12
Let b(z) = -30693*z - 8*z**2 - 8 + 7 + 30687*z - z**3. Suppose -i - 9 = 2*u, u - 4*i + 25 = -2. Give b(u).
-8
Let n be (133/28)/(-19) + 5/4. Let p be ((-8)/16)/(n/10). Let d(y) be the second derivative of -y**5/20 - y**4/2 - y**3/2 + 7*y**2/2 + y. Determine d(p).
-3
Let b(y) be the third derivative of y**4/8 - 5*y**3/3 - 894*y**2. What is b(6)?
8
Suppose 7*r - 6*r - 9 = 0. Let o(x) = x + 125 - 2*x - 57 - 56. Determine o(r).
3
Let n(o) = 3774*o + 26415. Let g be n(-7). Let l(k) = 4*k. Let i = -6 - -11. Let b(x) = 8*x - 1. Let p(v) = i*l(v) - 2*b(v). Determine p(g).
-10
Let d(k) = -34*k - 123. Suppose -33*b - 2889 + 2757 = 0. Calculate d(b).
13
Let t(q) = -8*q + 2. Suppose -10*h = -291 + 81. Let m be (-168)/(-98) - (-6)/h. What is t(m)?
-14
Let b(x) = -x + 4. Let g = -43 + 45. Suppose -g = -12*m + 11*m. Suppose -m - 19 = -7*h. Calculate b(h).
1
Let c(j) be the first derivative of j**3/3 - 2*j**2 - 5*j + 1. Suppose -27 = -4*y - 3*b, 6*b = -2*y - 40 + 58. Give c(y).
7
Let s be 1080/150 + 8/10. Let f(y) = y**3 - 8*y**2 + 2*y - 7. Let w be f(s). Let l(k) = k**2 - 8*k - 10. What is l(w)?
-1
Let c(q) = q**3 - 7*q**2 + 15*q - 7. Suppose 356 = 84*g + 41*g - 19. Determine c(g).
2
Let b(y) = y**2 + 11*y + 10. Suppose -16*g + 17*g - 39 = 4*c, 3*c + 4*g = -15. Calculate b(c).
-8
Let t(h) = h - 15. Let o(n) = -7. Let a(k) = 5*o(k) - 2*t(k). Let z be 9 + -2 + -4 + (21 - 20). Give a(z).
-13
Let z(o) be the third derivative of o**7/5040 - 193*o**5/60 + 60*o**2 - 3*o. Let d(q) be the third derivative of z(q). Calculate d(-7).
-7
Let n(i) be the third derivative of -i**6/120 + i**5/15 - i**4/4 + i**3 + 96*i**2. Let f = 13 + -9. Give n(f).
-18
Let v(j) = -3*j - 39. Let c be v(-15). Let m be (c/9)/(-3 - (-140)/48). Let g(b) = -b - 11. Give g(m).
-3
Let h(y) be the first derivative of -y**4/4 + 13*y**3/3 - 4*y**2 + 9*y + 1151. Give h(12).
57
Let d be ((-3)/(-6) + 4)*(-11 + 13). Suppose -4*g - y = 36, -26 = 3*g - d*y + 10*y. Let l(h) = h**2 + 12*h + 21. Determine l(g).
1
Let p = -3276 + 3278. Let x(q) = 6*q - 5. What is x(p)?
7
Let g(j) = -2*j + 10. Suppose 0 = -2*w - 6595 + 6625. What is g(w)?
-20
Let x(l) be the second derivative of 5/12*l**4 + 0*l*